Calculate the highest common divisor of 450531 and 22150.
443
What is the greatest common divisor of 20903597 and 1096?
137
What is the greatest common divisor of 101931 and 16897?
61
What is the greatest common divisor of 73650412 and 13332?
4444
What is the greatest common divisor of 5205 and 21095171?
347
Calculate the highest common factor of 23478 and 84.
42
Calculate the highest common factor of 5637824 and 448.
64
What is the highest common factor of 17270 and 262190?
1570
Calculate the highest common divisor of 112895 and 2707795.
1685
What is the highest common divisor of 819 and 80132157?
63
What is the highest common divisor of 17268200 and 760?
40
Calculate the highest common factor of 86190 and 31408.
26
What is the highest common divisor of 1936034 and 3?
1
What is the greatest common divisor of 13570 and 2549980?
590
Calculate the highest common factor of 15844 and 2120240.
68
Calculate the greatest common factor of 103 and 2184939.
103
What is the greatest common factor of 1471065 and 56055?
1515
Calculate the greatest common factor of 13084 and 32546.
2
What is the highest common divisor of 36 and 40203090?
18
What is the greatest common divisor of 609120 and 3055?
235
What is the greatest common factor of 2501476 and 32?
4
Calculate the greatest common divisor of 2944 and 409676.
92
Calculate the greatest common factor of 28306480 and 27740.
1460
What is the highest common divisor of 75168 and 5178066?
174
What is the highest common divisor of 11765 and 85820969?
2353
Calculate the highest common factor of 13529547 and 14343.
2049
Calculate the highest common divisor of 531 and 3944091.
177
Calculate the greatest common factor of 4189 and 1912367.
59
What is the highest common factor of 146287 and 581506?
607
Calculate the greatest common divisor of 5375 and 3290876.
43
What is the highest common divisor of 95727 and 1608?
3
What is the highest common factor of 5218 and 213901474?
5218
What is the highest common divisor of 2938 and 58614569?
1469
Calculate the greatest common factor of 567 and 8059107.
21
Calculate the greatest common factor of 1825 and 17791560.
365
What is the greatest common divisor of 639794507 and 11677?
11677
What is the highest common divisor of 88871594 and 95060?
9506
Calculate the highest common divisor of 208 and 494774332.
52
Calculate the highest common factor of 12003 and 19620904.
4001
Calculate the highest common factor of 120164 and 13508.
44
What is the greatest common divisor of 115339964 and 263777?
13883
What is the greatest common divisor of 24 and 238658796?
12
Calculate the highest common factor of 18 and 136367154.
18
What is the highest common factor of 707418 and 16?
2
What is the highest common factor of 11755908 and 84?
12
Calculate the greatest common divisor of 3465 and 3099789.
693
Calculate the greatest common factor of 663 and 73489.
13
What is the greatest common divisor of 43 and 3315171?
43
What is the highest common factor of 17 and 161031004?
17
What is the highest common divisor of 270 and 441307170?
270
Calculate the greatest common factor of 5 and 71297315.
5
Calculate the highest common divisor of 1798 and 15738358.
58
Calculate the greatest common factor of 1219620 and 1335.
15
Calculate the greatest common divisor of 98 and 1855889.
7
Calculate the highest common factor of 55 and 322690027.
11
What is the highest common factor of 100 and 4541450?
50
Calculate the greatest common divisor of 1236 and 574122.
618
Calculate the greatest common divisor of 441 and 11151315.
63
Calculate the highest common divisor of 17714200 and 3528.
56
Calculate the greatest common factor of 9380 and 2581600.
140
What is the highest common factor of 136695 and 1040?
65
Calculate the highest common divisor of 5832 and 16302384.
1944
What is the highest common factor of 1148559 and 2366229?
3291
Calculate the highest common factor of 30 and 6340280.
10
What is the highest common divisor of 354 and 88278?
6
What is the highest common factor of 3507 and 418467?
21
What is the highest common divisor of 2112 and 8139384?
264
What is the greatest common factor of 8108984 and 1133?
103
Calculate the greatest common factor of 93 and 40611.
3
What is the greatest common factor of 544 and 6981424?
272
What is the highest common factor of 957 and 131991?
3
What is the highest common divisor of 126 and 2919546?
126
What is the greatest common factor of 765936 and 1072?
16
What is the highest common factor of 7528347 and 2934171?
8973
What is the highest common divisor of 3384 and 62322?
282
What is the highest common factor of 1413 and 157068?
9
What is the highest common divisor of 5258 and 86398978?
478
Calculate the highest common divisor of 291188 and 15108.
4
Calculate the greatest common factor of 3549 and 23825451.
507
What is the greatest common divisor of 18700 and 156621?
17
Calculate the highest common divisor of 11455251 and 1464.
183
Calculate the greatest common factor of 660 and 57108755.
55
Calculate the greatest common factor of 1533342804 and 84.
84
What is the greatest common divisor of 1001 and 532799267?
1001
What is the highest common divisor of 13580 and 1187781490?
6790
What is the highest common divisor of 5620 and 189039940?
5620
What is the highest common divisor of 13 and 1648078757?
13
What is the greatest common factor of 5570 and 1307279?
557
Calculate the greatest common divisor of 95 and 52953893.
19
Calculate the highest common factor of 4594243 and 58457.
1193
What is the highest common factor of 340644495 and 7095?
645
Calculate the highest common factor of 104026 and 58214.
26
What is the highest common factor of 237954 and 162?
6
What is the greatest common factor of 92224 and 66548?
524
Calculate the greatest common factor of 5364 and 2688705.
1341
Calculate the greatest common divisor of 10648 and 22924.
44
What is the highest common divisor of 220350357 and 1758?
879
Calculate the greatest common factor of 81816 and 17934.
42
What is the highest common divisor of 1815 and 730380?
15
What is the greatest common divisor of 14612656 and 96968?
4216
Calculate the greatest common factor of 48222 and 852815.
893
What is the greatest common factor of 104 and 28270892?
52
Calculate the highest common factor of 2177069 and 6.
1
Calculate the greatest common factor of 834 and 354172.
278
Calculate the greatest common factor of 442880 and 274205.
865
Calculate the highest common divisor of 90 and 1830066.
6
What is the greatest common divisor of 44 and 34536777?
11
Calculate the highest common factor of 592027212 and 196.
196
Calculate the greatest common divisor of 6604 and 2761252.
52
What is the greatest common factor of 17779240 and 11840?
1480
What is the highest common factor of 992692 and 25174?
82
What is the highest common factor of 23309 and 31427?
11
What is the highest common divisor of 59 and 844420626?
59
Calculate the greatest common divisor of 124 and 4041377.
31
What is the highest common divisor of 540491250 and 20625?
1875
Calculate the highest common factor of 132704 and 1012.
44
Calculate the greatest common factor of 275 and 223189065.
55
What is the greatest common factor of 20 and 4525036?
4
Calculate the highest common factor of 107 and 7373.
1
Calculate the greatest common factor of 1791 and 760491.
9
Calculate the greatest common divisor of 4496790 and 54.
6
Calculate the greatest common divisor of 2490 and 5857310.
830
Calculate the highest common factor of 156 and 71440824.
156
Calculate the highest common divisor of 165996 and 72663.
159
Calculate the highest common divisor of 62951 and 1456.
7
What is the greatest common factor of 2334 and 1394496147?
1167
Calculate the greatest common divisor of 715 and 2558655.
55
Calculate the greatest common factor of 15709221 and 2376.
297
Calculate the greatest common divisor of 823102 and 1078.
98
What is the highest common divisor of 1175 and 5387075?
25
Calculate the greatest common divisor of 17988802 and 26.
26
What is the greatest common divisor of 85800 and 1051800?
600
Calculate the highest common divisor of 8309189 and 17598.
2933
What is the highest common factor of 2489 and 458893?
131
What is the greatest common divisor of 40 and 309688?
8
Calculate the highest common factor of 1516